is the tens digit of 939245?
4
What is the ten thousands digit of 62203?
6
What is the hundreds digit of 3843767?
7
What is the hundred thousands digit of 3078925?
0
What is the units digit of 66123?
3
What is the units digit of 12810005?
5
What is the ten thousands digit of 19970783?
7
What is the hundreds digit of 231481?
4
What is the hundred thousands digit of 385503?
3
What is the hundreds digit of 489217?
2
What is the hundreds digit of 15996863?
8
What is the millions digit of 17915440?
7
What is the millions digit of 26117953?
6
What is the tens digit of 7577?
7
What is the hundred thousands digit of 2070739?
0
What is the ten thousands digit of 251930?
5
What is the thousands digit of 401207?
1
What is the ten thousands digit of 2294377?
9
What is the hundred thousands digit of 146027?
1
What is the units digit of 203688?
8
What is the hundred thousands digit of 325553?
3
What is the hundreds digit of 588897?
8
What is the hundreds digit of 2275973?
9
What is the tens digit of 1116561?
6
What is the thousands digit of 1942262?
2
What is the ten thousands digit of 9839054?
3
What is the units digit of 6573455?
5
What is the hundred thousands digit of 1717958?
7
What is the units digit of 30406?
6
What is the thousands digit of 280982?
0
What is the tens digit of 9382411?
1
What is the hundreds digit of 3303995?
9
What is the hundred thousands digit of 30418985?
4
What is the hundreds digit of 324605?
6
What is the hundred thousands digit of 2157070?
1
What is the tens digit of 780436?
3
What is the hundreds digit of 58104?
1
What is the units digit of 834965?
5
What is the ten thousands digit of 347513?
4
What is the thousands digit of 14846541?
6
What is the thousands digit of 385903?
5
What is the units digit of 2485018?
8
What is the units digit of 454948?
8
What is the millions digit of 1885189?
1
What is the hundred thousands digit of 1068035?
0
What is the hundred thousands digit of 3317103?
3
What is the tens digit of 115589?
8
What is the units digit of 186278?
8
What is the thousands digit of 6749085?
9
What is the millions digit of 3257845?
3
What is the ten thousands digit of 361406?
6
What is the ten thousands digit of 223340?
2
What is the units digit of 3734452?
2
What is the tens digit of 17877354?
5
What is the hundreds digit of 6626608?
6
What is the units digit of 15312134?
4
What is the tens digit of 685722?
2
What is the units digit of 191554?
4
What is the hundreds digit of 7049731?
7
What is the thousands digit of 5543695?
3
What is the ten thousands digit of 2227129?
2
What is the hundred thousands digit of 5539606?
5
What is the hundred thousands digit of 489693?
4
What is the hundred thousands digit of 106862?
1
What is the hundreds digit of 47821?
8
What is the hundred thousands digit of 12038066?
0
What is the tens digit of 1469472?
7
What is the units digit of 525566?
6
What is the units digit of 530079?
9
What is the hundreds digit of 86635?
6
What is the millions digit of 11714354?
1
What is the thousands digit of 35960?
5
What is the hundreds digit of 387924?
9
What is the units digit of 1439260?
0
What is the hundred thousands digit of 3435925?
4
What is the hundreds digit of 9306809?
8
What is the ten thousands digit of 350501?
5
What is the units digit of 1422541?
1
What is the tens digit of 1758621?
2
What is the hundred thousands digit of 168857?
1
What is the tens digit of 603611?
1
What is the tens digit of 115271?
7
What is the hundreds digit of 14809309?
3
What is the hundreds digit of 359225?
2
What is the ten millions digit of 29433315?
2
What is the units digit of 616049?
9
What is the hundred thousands digit of 127434?
1
What is the ten thousands digit of 18071541?
7
What is the thousands digit of 19332410?
2
What is the ten thousands digit of 1632085?
3
What is the hundreds digit of 1505334?
3
What is the hundreds digit of 34177262?
2
What is the units digit of 647254?
4
What is the tens digit of 44040?
4
What is the tens digit of 3333875?
7
What is the ten thousands digit of 45301?
4
What is the thousands digit of 14788276?
8
What is the thousands digit of 92140?
2
What is the ten thousands digit of 137050?
3
What is the units digit of 4383482?
2
What is the thousands digit of 544191?
4
What is the units digit of 4202046?
6
What is the ten thousands digit of 34460?
3
What is the thousands digit of 121278?
1
What is the ten thousands digit of 313071?
1
What is the ten thousands digit of 667254?
6
What is the ten thousands digit of 537029?
3
What is the hundreds digit of 418508?
5
What is the units digit of 132640?
0
What is the ten thousands digit of 758267?
5
What is the ten thousands digit of 371848?
7
What is the millions digit of 3289490?
3
What is the ten thousands digit of 357733?
5
What is the millions digit of 13496618?
3
What is the units digit of 3077033?
3
What is the ten thousands digit of 277765?
7
What is the hundreds digit of 502217?
2
What is the units digit of 2954836?
6
What is the tens digit of 440910?
1
What is the thousands digit of 197887?
7
What is the hundreds digit of 6666?
6
What is the ten thousands digit of 2611412?
1
What is the hundred thousands digit of 21693524?
6
What is the tens digit of 8714022?
2
What is the tens digit of 120801?
0
What is the hundreds digit of 115477?
4
What is the hundred thousands digit of 3393444?
3
What is the ten thousands digit of 3206073?
0
What is the millions digit of 4511723?
4
What is the hundreds digit of 2352217?
2
What is the units digit of 11027424?
4
What is the thousands digit of 99544?
9
What is the hundred thousands digit of 11897569?
8
What is the thousands digit of 363710?
3
What is the hundred thousands digit of 212774?
2
What is the hundreds digit of 508991?
9
What is the thousands digit of 568126?
8
What is the hundreds digit of 20221?
2
What is the millions digit of 5821602?
5
What is the hundred thousands digit of 4798100?
7
What is the hundred thousands digit of 426713?
4
What is the units digit of 1132432?
2
What is the hundreds digit of 168457?
4
What is the units digit of 135821?
1
What is the ten thousands digit of 419872?
1
What is the thousands digit of 8395142?
5
What is the units digit of 18165?
5
What is the ten thousands digit of 10894?
1
What is the units digit of 360137?
7
What is the ten thousands digit of 5353941?
5
What is the thousands digit of 596929?
6
What is the thousands digit of 1560018?
0
What is the tens digit of 929764?
6
What is the units digit of 960582?
2
What is the hundred thousands digit of 13230886?
2
What is the ten thousands digit of 227120?
2
What is the tens digit of 2666466?
6
What is the hundred thousands digit of 2215311?
2
What is the thousands digit of 101058?
1
What is the tens digit of 11711725?
2
What is the hundreds digit of 5776825?
8
What is the tens digit of 469179?
7
What is the ten thousands digit of 8543742?
4
What is the tens digit of 2795330?
3
What is the units digit of 3350151?
1
What is the tens digit of 172009?
0
What is the ten thousands digit of 1220687?
2
What is the units digit of 9698011?
1
What is the ten thousands digit of 293773?
9
What is the thousands digit of 4387137?
7
What is the millions digit of 2765005?
2
What is the tens digit of 209595?
9
What is the hundreds digit of 1135599?
5
What is the thousands digit of 10884703?
4
What is the thousands digit of 841590?
1
What is the tens digit of 993?
9
What is the hundreds digit of 467484?
4
What is the units digit of 12148546?
6
What is the tens digit of 4292457?
5
What is the millions digit of 2341148?
2
What is the thousands digit of 50409?
0
What is the millions digit of 29859272?
9
What is the units digit of 313695?
5
What is the ten thousands digit of 259948?
5
What is the millions digit of 1319878?
1
What is the ten thousands digit of 444764?
4
What is the hundred thousands digit of 188244?
1
What is the hundreds digit of 1012933?
9
What is the hundreds digit of 1802080?
0
What is the hundreds digit of 9894106?
1
What is the units digit of 20669?
9
What is the units digit of 1580384?
4
What is the units digit of 17913973?
3
What is the thousands digit of 1326910?
6
What is the hundred thousands digit of 529066?
5
What is the hundreds digit of 10600255?
2
What is the units digit of 8294